{"id":1514,"date":"2019-07-17T05:20:03","date_gmt":"2019-07-17T05:20:03","guid":{"rendered":"https:\/\/demo.ramongrafic.com\/?page_id=1514"},"modified":"2019-07-17T05:20:03","modified_gmt":"2019-07-17T05:20:03","slug":"politica-de-privacitat","status":"publish","type":"page","link":"https:\/\/ramongrafic.com\/ca\/politica-de-privacitat\/","title":{"rendered":"Pol\u00edtica de privacitat"},"content":{"rendered":"<section class=\"wpb-content-wrapper\"><p>[vc_row css_animation=&#8221;&#8221; row_type=&#8221;row&#8221; use_row_as_full_screen_section=&#8221;no&#8221; type=&#8221;grid&#8221; angled_section=&#8221;no&#8221; text_align=&#8221;left&#8221; background_image_as_pattern=&#8221;without_pattern&#8221; css=&#8221;.vc_custom_1563339337415{margin-top: 50px !important;}&#8221; z_index=&#8221;&#8221;][vc_column][vc_column_text]<\/p>\n<h1>[vc_separator type=&#8221;small&#8221; position=&#8221;left&#8221; color=&#8221;#fc0&#8243; thickness=&#8221;2&#8243; width=&#8221;50&#8243; down=&#8221;8&#8243;]Pol\u00edtica de privacitat<\/h1>\n<p>[\/vc_column_text][\/vc_column][\/vc_row][vc_row css_animation=&#8221;&#8221; row_type=&#8221;row&#8221; use_row_as_full_screen_section=&#8221;no&#8221; type=&#8221;grid&#8221; angled_section=&#8221;no&#8221; text_align=&#8221;left&#8221; background_image_as_pattern=&#8221;without_pattern&#8221; css=&#8221;.vc_custom_1563339337415{margin-top: 50px !important;}&#8221; z_index=&#8221;&#8221;][vc_column][vc_column_text]<strong>Victor Ram\u00f3n Albadalejo Garcia<\/strong> (en endavant el &#8220;Prestador&#8221;) amb NIF 47610792X i amb domicili a aquests efectes en carrer Bonve\u00ed 2, local, 08940 Cornella de Llobregat (Barcelona), \u00e9s el titular del lloc web <strong>www.ramongrafic.com<\/strong> (en endavant, &#8220;el portal o lloc web&#8221;), compleix amb les directrius de la normativa vigent en mat\u00e8ria de protecci\u00f3 de dades personals, el Reglament (UE) 2016\/679 de 27 d&#8217;abril de 2016 (RGPD), relatiu a la protecci\u00f3 de les persones f\u00edsiques pel que fa al tractament de dades personals ia la lliure circulaci\u00f3 d&#8217;aquestes dades.<\/p>\n<p>&nbsp;<\/p>\n<p>L&#8217;usuari \u00e9s l&#8217;\u00fanic responsable de la veracitat i correcci\u00f3 de les dades que remeti al prestador, exonerant a prestador de qualsevol responsabilitat al respecte.<\/p>\n<p>&nbsp;<\/p>\n<p>El prestador informa que les dades que l&#8217;Usuari volunt\u00e0riament est\u00e0 facilitant seran incorporades als seus sistemes d&#8217;informaci\u00f3 amb la finalitat seg\u00fcent:<\/p>\n<p>&nbsp;<\/p>\n<ul>\n<li>En cas de contractaci\u00f3 dels b\u00e9ns i \/ o serveis oferts a trav\u00e9s del lloc web, per mantenir la relaci\u00f3 contractual, aix\u00ed com la gesti\u00f3, administraci\u00f3, informaci\u00f3, prestaci\u00f3 i millora del servei ofert<\/li>\n<li>En el cas de sol\u00b7licitud d&#8217;informaci\u00f3 mitjan\u00e7ant els formularis del lloc web, per enviar informaci\u00f3 sobre la consulta realitzada<\/li>\n<li>En el cas de subscripci\u00f3, per a remetre butlletins (newsletters), aix\u00ed com comunicacions comercials de promocions i \/ o publicitat del lloc web.<\/li>\n<\/ul>\n<p>&nbsp;<\/p>\n<p>L&#8217;usuari, pot oposar-se a l&#8217;enviament de comunicacions comercials per qualsevol via i en qualsevol moment, remetent un correu electr\u00f2nic a l&#8217;adre\u00e7a de correu electr\u00f2nic indicada m\u00e9s endavant.<\/p>\n<p>&nbsp;<\/p>\n<p>Mitjan\u00e7ant la introducci\u00f3 de les dades, l&#8217;Usuari atorga el consentiment inequ\u00edvoc al prestador, declarant haver estat informat de les condicions sobre protecci\u00f3 de dades de car\u00e0cter personal, acceptant i consentint el tractament automatitzat dels mateixos, perqu\u00e8 procedeixi al tractament de les dades facilitades en pro de les finalitats esmentades. El no facilitar les dades personals sol\u00b7licitades o el no acceptar la present pol\u00edtica de protecci\u00f3 de dades suposa la impossibilitat de subscriure, registrar o rebre informaci\u00f3 dels productes i serveis del prestador.<\/p>\n<p>&nbsp;<\/p>\n<p>El prestador informa que no cedir\u00e0 les dades personals a tercers, excepte per obligaci\u00f3 legal. No obstant aix\u00f2, en el cas de ser cedits a algun tercer es produiria una informaci\u00f3 pr\u00e8via sol\u00b7licitant el consentiment expr\u00e9s per tal cessi\u00f3. L&#8217;entitat responsable de la base de dades, hosting, aix\u00ed com els que intervinguin en qualsevol fase del tractament i \/ o les entitats a qui se&#8217;ls hagi comunicat, estan obligades a observar el secret professional ia l&#8217;adopci\u00f3 dels nivells de protecci\u00f3 i les mesures t\u00e8cniques i organitzatives necess\u00e0ries al seu abast per garantir la seguretat de les dades de car\u00e0cter personal. Com encarregats de tractament, el prestador t\u00e9 contractats els seg\u00fcents prove\u00efdors de serveis, que s&#8217;han comprom\u00e8s al compliment de les disposicions normatives d&#8217;aplicaci\u00f3 en mat\u00e8ria de protecci\u00f3 de dades, en el moment de la seva contractaci\u00f3:<\/p>\n<p>&nbsp;<\/p>\n<p>Activaweb Projectes Online SL, CIF: B65771149, C. Jaume I, 82, 08320 el Masnou, Barcelona, \u200b\u200bque proporciona els serveis d&#8217;allotjament web (hosting). Pol\u00edtica de privacitat i altres aspectes legals d&#8217;aquesta companyia en el seg\u00fcent enlla\u00e7:<\/p>\n<p>&nbsp;<\/p>\n<p><a href=\"https:\/\/www.activaweb.net\/gdpr.php\">https:\/\/www.activaweb.net\/gdpr.php<\/a><\/p>\n<p>&nbsp;<\/p>\n<p>Google LLC, amb domicili a 1600 Amphitheatre Parkway, 94043, Mountain View (Calif\u00f2rnia), Estats Units, que presta els serveis de GSuite, consistents en serveis de computaci\u00f3 en el n\u00favol i de correu electr\u00f2nic. Pol\u00edtica de privacitat i altres aspectes legals d&#8217;aquesta companyia en el seg\u00fcent enlla\u00e7:<\/p>\n<p>&nbsp;<\/p>\n<p><a href=\"https:\/\/www.google.com\/intl\/es\/policies\/privacy\/\">https:\/\/www.google.com\/intl\/es\/policies\/privacy\/<\/a><\/p>\n<p>&nbsp;<\/p>\n<p>Google participa i ha certificat el seu compliment amb el marc de l&#8217;acord entre EUA i la Uni\u00f3 Europea denominat Privacy Shield, havent-se comprom\u00e8s a sotmetre tota la informaci\u00f3 personal rebuda de pa\u00efsos membres de la Uni\u00f3 Europea als principis derivats de l&#8217;Privacy Shield. Adhesi\u00f3 de Google a l&#8217;Privacy Shield:<\/p>\n<p>&nbsp;<\/p>\n<p><a href=\"https:\/\/www.privacyshield.gov\/participant?id=a2zt000000001L5AAI&amp;status=Active\">https:\/\/www.privacyshield.gov\/participant?id=a2zt000000001L5AAI&amp;status=Active<\/a><\/p>\n<p>&nbsp;<\/p>\n<p>M\u00e9s informaci\u00f3 sobre el Privacy Shield al web del Departament de Comer\u00e7 dels EUA .:<\/p>\n<p>&nbsp;<\/p>\n<p><a href=\"https:\/\/www.privacyshield.gov\/welcome\">https:\/\/www.privacyshield.gov\/welcome<\/a><\/p>\n<p>&nbsp;<\/p>\n<p>El prestador garanteix en tot cas a l&#8217;Usuari l&#8217;exercici dels drets d&#8217;acc\u00e9s, rectificaci\u00f3, cancel\u00b7laci\u00f3, informaci\u00f3 i oposici\u00f3, limitaci\u00f3 i portabilitat, en els termes que disposa la legislaci\u00f3 vigent. Per aix\u00f2, podr\u00e0 exercir els seus drets remetent una sol\u00b7licitud expressa a l&#8217;adre\u00e7a esmentada a l&#8217;encap\u00e7alament i \/ o enviant un correu electr\u00f2nic a <a href=\"mailto:info@ramongrafic.com\">info@ramongrafic.com<\/a>, indicant en l&#8217;assumpte: Drets ARCO, i adjuntant fotoc\u00f2pia del seu DNI. Al seu torn, l&#8217;usuari, t\u00e9 dret a retirar el consentiment donat en qualsevol moment. La retirada del consentiment no afectar\u00e0 la licitud del tractament efectuat abans de la retirada del consentiment. Tamb\u00e9 t\u00e9 dret a presentar una reclamaci\u00f3 davant l&#8217;autoritat de control si considera que poden haver-se vist vulnerats els seus drets en relaci\u00f3 a la protecci\u00f3 de les seves dades davant l&#8217;Ag\u00e8ncia Espanyola de Protecci\u00f3 de Dades (AEPD), al carrer Jorge Juan, 6, 28001 -Madrid o mitjan\u00e7ant la seu electr\u00f2nica de l&#8217;AEPD:<\/p>\n<p>&nbsp;<\/p>\n<p><a href=\"https:\/\/sedeagpd.gob.es\/sede-electronica-web\/\">https:\/\/sedeagpd.gob.es\/sede-electronica-web\/<\/a>.<\/p>\n<p>&nbsp;<\/p>\n<p>Les dades facilitades per l&#8217;Usuari, es conservaran mentre hi hagi un inter\u00e8s mutu per mantenir la fi del tractament i durant el termini pel qual poguessin deriv\u00e9s responsabilitats legals pels serveis prestats. Quan ja no sigui necessari per a tal fi, es suprimiran amb mesures de seguretat adequades per garantir la seudonimizaci\u00f3n de les dades o destrucci\u00f3 total dels mateixos. El prestador es reserva el dret a modificar la present pol\u00edtica per adaptar-la a novetats legislatives o jurisprudencials.<\/p>\n<p>&nbsp;<\/p>\n<p>L&#8217;Usuari, per a qualsevol aspecte relacionat amb aquesta pol\u00edtica de privacitat, pot posar-se en contacte amb el prestador a l&#8217;adre\u00e7a de correu electr\u00f2nic: <a href=\"mailto:info@ramongrafic.com\">info@ramongrafic.com<\/a>.[\/vc_column_text][vc_empty_space height=&#8221;80px&#8221;][\/vc_column][\/vc_row]<\/p>\n<\/section>","protected":false},"excerpt":{"rendered":"<p>[vc_row css_animation=&#8221;&#8221; row_type=&#8221;row&#8221; use_row_as_full_screen_section=&#8221;no&#8221; type=&#8221;grid&#8221; angled_section=&#8221;no&#8221; text_align=&#8221;left&#8221; background_image_as_pattern=&#8221;without_pattern&#8221; css=&#8221;.vc_custom_1563339337415{margin-top: 50px !important;}&#8221; z_index=&#8221;&#8221;][vc_column][vc_column_text] [vc_separator type=&#8221;small&#8221; position=&#8221;left&#8221; color=&#8221;#fc0&#8243; thickness=&#8221;2&#8243; width=&#8221;50&#8243; down=&#8221;8&#8243;]Pol\u00edtica de privacitat [\/vc_column_text][\/vc_column][\/vc_row][vc_row css_animation=&#8221;&#8221; row_type=&#8221;row&#8221; use_row_as_full_screen_section=&#8221;no&#8221; type=&#8221;grid&#8221; angled_section=&#8221;no&#8221; text_align=&#8221;left&#8221; background_image_as_pattern=&#8221;without_pattern&#8221; css=&#8221;.vc_custom_1563339337415{margin-top: 50px !important;}&#8221; z_index=&#8221;&#8221;][vc_column][vc_column_text]Victor Ram\u00f3n Albadalejo Garcia (en endavant el &#8220;Prestador&#8221;) amb NIF 47610792X i amb&#8230;<\/p>\n","protected":false},"author":1,"featured_media":0,"parent":0,"menu_order":0,"comment_status":"closed","ping_status":"open","template":"full_width.php","meta":{"footnotes":""},"class_list":["post-1514","page","type-page","status-publish","hentry"],"_links":{"self":[{"href":"https:\/\/ramongrafic.com\/ca\/wp-json\/wp\/v2\/pages\/1514","targetHints":{"allow":["GET"]}}],"collection":[{"href":"https:\/\/ramongrafic.com\/ca\/wp-json\/wp\/v2\/pages"}],"about":[{"href":"https:\/\/ramongrafic.com\/ca\/wp-json\/wp\/v2\/types\/page"}],"author":[{"embeddable":true,"href":"https:\/\/ramongrafic.com\/ca\/wp-json\/wp\/v2\/users\/1"}],"replies":[{"embeddable":true,"href":"https:\/\/ramongrafic.com\/ca\/wp-json\/wp\/v2\/comments?post=1514"}],"version-history":[{"count":2,"href":"https:\/\/ramongrafic.com\/ca\/wp-json\/wp\/v2\/pages\/1514\/revisions"}],"predecessor-version":[{"id":1519,"href":"https:\/\/ramongrafic.com\/ca\/wp-json\/wp\/v2\/pages\/1514\/revisions\/1519"}],"wp:attachment":[{"href":"https:\/\/ramongrafic.com\/ca\/wp-json\/wp\/v2\/media?parent=1514"}],"curies":[{"name":"wp","href":"https:\/\/api.w.org\/{rel}","templated":true}]}}

Política de privacitat

<section class="wpb-content-wrapper"><p>[vc_row css_animation=&#8221;&#8221; row_type=&#8221;row&#8221; use_row_as_full_screen_section=&#8221;no&#8221; type=&#8221;grid&#8221; angled_section=&#8221;no&#8221; text_align=&#8221;left&#8221; background_image_as_pattern=&#8221;without_pattern&#8221; css=&#8221;.vc_custom_1563339337415{margin-top: 50px !important;}&#8221; z_index=&#8221;&#8221;][vc_column][vc_column_text]</p>
<h1>[vc_separator type=&#8221;small&#8221; position=&#8221;left&#8221; color=&#8221;#fc0&#8243; thickness=&#8221;2&#8243; width=&#8221;50&#8243; down=&#8221;8&#8243;]Política de privacitat</h1>
<p>[/vc_column_text][/vc_column][/vc_row][vc_row css_animation=&#8221;&#8221; row_type=&#8221;row&#8221; use_row_as_full_screen_section=&#8221;no&#8221; type=&#8221;grid&#8221; angled_section=&#8221;no&#8221; text_align=&#8221;left&#8221; background_image_as_pattern=&#8221;without_pattern&#8221; css=&#8221;.vc_custom_1563339337415{margin-top: 50px !important;}&#8221; z_index=&#8221;&#8221;][vc_column][vc_column_text]<strong>Victor Ramón Albadalejo Garcia</strong> (en endavant el &#8220;Prestador&#8221;) amb NIF 47610792X i amb domicili a aquests efectes en carrer Bonveí 2, local, 08940 Cornella de Llobregat (Barcelona), és el titular del lloc web <strong>www.ramongrafic.com</strong> (en endavant, &#8220;el portal o lloc web&#8221;), compleix amb les directrius de la normativa vigent en matèria de protecció de dades personals, el Reglament (UE) 2016/679 de 27 d&#8217;abril de 2016 (RGPD), relatiu a la protecció de les persones físiques pel que fa al tractament de dades personals ia la lliure circulació d&#8217;aquestes dades.</p>
<p>&nbsp;</p>
<p>L&#8217;usuari és l&#8217;únic responsable de la veracitat i correcció de les dades que remeti al prestador, exonerant a prestador de qualsevol responsabilitat al respecte.</p>
<p>&nbsp;</p>
<p>El prestador informa que les dades que l&#8217;Usuari voluntàriament està facilitant seran incorporades als seus sistemes d&#8217;informació amb la finalitat següent:</p>
<p>&nbsp;</p>
<ul>
<li>En cas de contractació dels béns i / o serveis oferts a través del lloc web, per mantenir la relació contractual, així com la gestió, administració, informació, prestació i millora del servei ofert</li>
<li>En el cas de sol·licitud d&#8217;informació mitjançant els formularis del lloc web, per enviar informació sobre la consulta realitzada</li>
<li>En el cas de subscripció, per a remetre butlletins (newsletters), així com comunicacions comercials de promocions i / o publicitat del lloc web.</li>
</ul>
<p>&nbsp;</p>
<p>L&#8217;usuari, pot oposar-se a l&#8217;enviament de comunicacions comercials per qualsevol via i en qualsevol moment, remetent un correu electrònic a l&#8217;adreça de correu electrònic indicada més endavant.</p>
<p>&nbsp;</p>
<p>Mitjançant la introducció de les dades, l&#8217;Usuari atorga el consentiment inequívoc al prestador, declarant haver estat informat de les condicions sobre protecció de dades de caràcter personal, acceptant i consentint el tractament automatitzat dels mateixos, perquè procedeixi al tractament de les dades facilitades en pro de les finalitats esmentades. El no facilitar les dades personals sol·licitades o el no acceptar la present política de protecció de dades suposa la impossibilitat de subscriure, registrar o rebre informació dels productes i serveis del prestador.</p>
<p>&nbsp;</p>
<p>El prestador informa que no cedirà les dades personals a tercers, excepte per obligació legal. No obstant això, en el cas de ser cedits a algun tercer es produiria una informació prèvia sol·licitant el consentiment exprés per tal cessió. L&#8217;entitat responsable de la base de dades, hosting, així com els que intervinguin en qualsevol fase del tractament i / o les entitats a qui se&#8217;ls hagi comunicat, estan obligades a observar el secret professional ia l&#8217;adopció dels nivells de protecció i les mesures tècniques i organitzatives necessàries al seu abast per garantir la seguretat de les dades de caràcter personal. Com encarregats de tractament, el prestador té contractats els següents proveïdors de serveis, que s&#8217;han compromès al compliment de les disposicions normatives d&#8217;aplicació en matèria de protecció de dades, en el moment de la seva contractació:</p>
<p>&nbsp;</p>
<p>Activaweb Projectes Online SL, CIF: B65771149, C. Jaume I, 82, 08320 el Masnou, Barcelona, ​​que proporciona els serveis d&#8217;allotjament web (hosting). Política de privacitat i altres aspectes legals d&#8217;aquesta companyia en el següent enllaç:</p>
<p>&nbsp;</p>
<p><a href="https://www.activaweb.net/gdpr.php">https://www.activaweb.net/gdpr.php</a></p>
<p>&nbsp;</p>
<p>Google LLC, amb domicili a 1600 Amphitheatre Parkway, 94043, Mountain View (Califòrnia), Estats Units, que presta els serveis de GSuite, consistents en serveis de computació en el núvol i de correu electrònic. Política de privacitat i altres aspectes legals d&#8217;aquesta companyia en el següent enllaç:</p>
<p>&nbsp;</p>
<p><a href="https://www.google.com/intl/es/policies/privacy/">https://www.google.com/intl/es/policies/privacy/</a></p>
<p>&nbsp;</p>
<p>Google participa i ha certificat el seu compliment amb el marc de l&#8217;acord entre EUA i la Unió Europea denominat Privacy Shield, havent-se compromès a sotmetre tota la informació personal rebuda de països membres de la Unió Europea als principis derivats de l&#8217;Privacy Shield. Adhesió de Google a l&#8217;Privacy Shield:</p>
<p>&nbsp;</p>
<p><a href="https://www.privacyshield.gov/participant?id=a2zt000000001L5AAI&amp;status=Active">https://www.privacyshield.gov/participant?id=a2zt000000001L5AAI&amp;status=Active</a></p>
<p>&nbsp;</p>
<p>Més informació sobre el Privacy Shield al web del Departament de Comerç dels EUA .:</p>
<p>&nbsp;</p>
<p><a href="https://www.privacyshield.gov/welcome">https://www.privacyshield.gov/welcome</a></p>
<p>&nbsp;</p>
<p>El prestador garanteix en tot cas a l&#8217;Usuari l&#8217;exercici dels drets d&#8217;accés, rectificació, cancel·lació, informació i oposició, limitació i portabilitat, en els termes que disposa la legislació vigent. Per això, podrà exercir els seus drets remetent una sol·licitud expressa a l&#8217;adreça esmentada a l&#8217;encapçalament i / o enviant un correu electrònic a <a href="mailto:info@ramongrafic.com">info@ramongrafic.com</a>, indicant en l&#8217;assumpte: Drets ARCO, i adjuntant fotocòpia del seu DNI. Al seu torn, l&#8217;usuari, té dret a retirar el consentiment donat en qualsevol moment. La retirada del consentiment no afectarà la licitud del tractament efectuat abans de la retirada del consentiment. També té dret a presentar una reclamació davant l&#8217;autoritat de control si considera que poden haver-se vist vulnerats els seus drets en relació a la protecció de les seves dades davant l&#8217;Agència Espanyola de Protecció de Dades (AEPD), al carrer Jorge Juan, 6, 28001 -Madrid o mitjançant la seu electrònica de l&#8217;AEPD:</p>
<p>&nbsp;</p>
<p><a href="https://sedeagpd.gob.es/sede-electronica-web/">https://sedeagpd.gob.es/sede-electronica-web/</a>.</p>
<p>&nbsp;</p>
<p>Les dades facilitades per l&#8217;Usuari, es conservaran mentre hi hagi un interès mutu per mantenir la fi del tractament i durant el termini pel qual poguessin derivés responsabilitats legals pels serveis prestats. Quan ja no sigui necessari per a tal fi, es suprimiran amb mesures de seguretat adequades per garantir la seudonimización de les dades o destrucció total dels mateixos. El prestador es reserva el dret a modificar la present política per adaptar-la a novetats legislatives o jurisprudencials.</p>
<p>&nbsp;</p>
<p>L&#8217;Usuari, per a qualsevol aspecte relacionat amb aquesta política de privacitat, pot posar-se en contacte amb el prestador a l&#8217;adreça de correu electrònic: <a href="mailto:info@ramongrafic.com">info@ramongrafic.com</a>.[/vc_column_text][vc_empty_space height=&#8221;80px&#8221;][/vc_column][/vc_row]</p>
</section>

<p>[vc_row css_animation=&#8221;&#8221; row_type=&#8221;row&#8221; use_row_as_full_screen_section=&#8221;no&#8221; type=&#8221;grid&#8221; angled_section=&#8221;no&#8221; text_align=&#8221;left&#8221; background_image_as_pattern=&#8221;without_pattern&#8221; css=&#8221;.vc_custom_1563339337415{margin-top: 50px !important;}&#8221; z_index=&#8221;&#8221;][vc_column][vc_column_text] [vc_separator type=&#8221;small&#8221; position=&#8221;left&#8221; color=&#8221;#fc0&#8243; thickness=&#8221;2&#8243; width=&#8221;50&#8243; down=&#8221;8&#8243;]Política de privacitat [/vc_column_text][/vc_column][/vc_row][vc_row css_animation=&#8221;&#8221; row_type=&#8221;row&#8221; use_row_as_full_screen_section=&#8221;no&#8221; type=&#8221;grid&#8221; angled_section=&#8221;no&#8221; text_align=&#8221;left&#8221; background_image_as_pattern=&#8221;without_pattern&#8221; css=&#8221;.vc_custom_1563339337415{margin-top: 50px !important;}&#8221; z_index=&#8221;&#8221;][vc_column][vc_column_text]Victor Ramón Albadalejo Garcia (en endavant el &#8220;Prestador&#8221;) amb NIF 47610792X i amb&#8230;</p>
